{"id":50,"date":"2020-12-23T14:53:55","date_gmt":"2020-12-23T13:53:55","guid":{"rendered":"http:\/\/sportnmsstpoelten.ac.at\/harland\/?page_id=50"},"modified":"2025-10-07T18:57:07","modified_gmt":"2025-10-07T16:57:07","slug":"elternverein","status":"publish","type":"page","link":"https:\/\/sportnmsstpoelten.ac.at\/harland\/elternverein\/","title":{"rendered":"Elternverein"},"content":{"rendered":"\n<h2>\n\t\t\tElternverein der Volks- und Mittelschule Harland\t<\/h2>\n\t<p><strong>\u00a0<\/strong><strong>Was wir sind<\/strong><\/p>\n<p><strong>\u00a0<\/strong>Der <strong>Elternverein der Volks- und Mittelschule Harland<\/strong> ist ein Zusammenschluss der Erziehungsberechtigten der Sch\u00fcler der Volksschule und Mittelschule Harland nach dem Vereinsgesetz 2002 zum Zwecke der Unterst\u00fctzung der Schulgemeinschaft der Sch\u00fcler, Lehrer und Eltern.<\/p>\n<p>&nbsp;<\/p>\n<p><strong>Der Elternverein finanziert sich aus<\/strong><\/p>\n<ul>\n<li>Einnahmen aus den Mitgliedsbeitr\u00e4gen: 10 \u20ac pro Familie &#8211; zahlbar durch das \u00e4lteste Kind (zB.: hat man 1 Kind in der MS und 1 Kind in der VS zahlt nur das Kind in der MS)<\/li>\n<li>Einnahmen aus Veranstaltungen (Kindermaskenball, Schulsportfest)<\/li>\n<li>(Sach-)Spenden f\u00fcr Veranstaltungen von Kuchen bis zu Tombolapreisen<\/li>\n<\/ul>\n<p>&nbsp;<\/p>\n<p><strong>Wichtige Arbeiten und Leistungen f\u00fcr die Schule<\/strong><\/p>\n<ul>\n<li>F\u00f6rderung und St\u00e4rkung der Schulgemeinschaft durch Organisation von Veranstaltungen wie z.B. Kindermaskenball und Schulsportfest.<\/li>\n<li>Unterst\u00fctzung und finanzielle Zuwendung f\u00fcr einzelne Klassen f\u00fcr eigene Veranstaltungen, wie z.B. Schullandwochen und Ausfl\u00fcge.<\/li>\n<li>Unterst\u00fctzung f\u00fcr einzelne Sch\u00fcler aus sozialen Gesichtspunkten bei der Teilnahme an Schulveranstaltungen.<\/li>\n<li>Unterst\u00fctzung der Schule bei der Anschaffung zus\u00e4tzlicher Lehrmittel f\u00fcr besondere Projekte und Aktivit\u00e4ten.<\/li>\n<li>Vertretung der Anliegen unserer Kinder und Eltern im Rahmen der Zusammenarbeit in der Schulpartnerschaft Lehrer &#8211; Eltern &#8211; Sch\u00fcler.<\/li>\n<\/ul>\n<p>Falls Sie Ideen haben, die einen positiven Beitrag zum Schulgeschehen darstellen, so werden wir uns bem\u00fchen, Sie bei der Umsetzung zu unterst\u00fctzen. Bitte z\u00f6gern Sie nicht, uns zu kontaktieren:<\/p>\n<strong>Elternvereinsobmann<br \/>\n<\/strong>Arman Kalteis\n<strong>Elternvereinsobmann-Stellvertretung<\/strong><br \/>\nMadeleine Nusterer\n<p>ev.harland@gmail.com<\/p>\n<p>&nbsp;<\/p>\n<p>Wir danken f\u00fcr Ihre Unterst\u00fctzung!<\/p>\n<p>Ihr Elternverein<\/p>\n<p>Volks- und Mittelschule Harland<\/p>\n<p>&nbsp;<\/p>\n<p>Bitte besuchen Sie auch die\u00a0<a href=\"http:\/\/www.elternverein-harland.at\/\">Homepage unseres Elternvereins<\/a><\/p>\n\n","protected":false},"excerpt":{"rendered":"<p>Elternverein der Volks- und Mittelschule Harland \u00a0Was wir sind \u00a0Der Elternverein der Volks- und Mittelschule Harland ist ein Zusammenschluss der Erziehungsberechtigten der Sch\u00fcler der Volksschule und Mittelschule Harland nach dem Vereinsgesetz 2002 zum Zwecke der Unterst\u00fctzung der Schulgemeinschaft der Sch\u00fcler,<\/p>\n","protected":false},"author":1,"featured_media":0,"parent":0,"menu_order":0,"comment_status":"closed","ping_status":"closed","template":"","meta":{"inline_featured_image":false,"footnotes":""},"class_list":["post-50","page","type-page","status-publish","hentry"],"_links":{"self":[{"href":"https:\/\/sportnmsstpoelten.ac.at\/harland\/wp-json\/wp\/v2\/pages\/50","targetHints":{"allow":["GET"]}}],"collection":[{"href":"https:\/\/sportnmsstpoelten.ac.at\/harland\/wp-json\/wp\/v2\/pages"}],"about":[{"href":"https:\/\/sportnmsstpoelten.ac.at\/harland\/wp-json\/wp\/v2\/types\/page"}],"author":[{"embeddable":true,"href":"https:\/\/sportnmsstpoelten.ac.at\/harland\/wp-json\/wp\/v2\/users\/1"}],"replies":[{"embeddable":true,"href":"https:\/\/sportnmsstpoelten.ac.at\/harland\/wp-json\/wp\/v2\/comments?post=50"}],"version-history":[{"count":7,"href":"https:\/\/sportnmsstpoelten.ac.at\/harland\/wp-json\/wp\/v2\/pages\/50\/revisions"}],"predecessor-version":[{"id":2402,"href":"https:\/\/sportnmsstpoelten.ac.at\/harland\/wp-json\/wp\/v2\/pages\/50\/revisions\/2402"}],"wp:attachment":[{"href":"https:\/\/sportnmsstpoelten.ac.at\/harland\/wp-json\/wp\/v2\/media?parent=50"}],"curies":[{"name":"wp","href":"https:\/\/api.w.org\/{rel}","templated":true}]}}